k*i + 3*r = 662, 0 = -3*i - r + 1000. What is the hundreds digit of i?
3
Suppose -5*d + d + 5*i = 135, -5*i = 25. Let x = d + 44. Suppose -5*s + 316 = 3*n, x*n + 5*s = 2*s + 403. What is the units digit of n?
7
Let z(f) = -15*f + 33. Let v be z(8). Let k = v - -495. Suppose o + 535 = 4*b, 0 = 6*b - 3*b - 3*o - k. What is the hundreds digit of b?
1
Let o = 434 - 437. What is the hundreds digit of (-1738)/o*3/2?
8
Let c(m) = -m**3 + 9*m**2 + 13*m - 11. Let r be c(10). Suppose 0 = -r*j + 9194 + 496. What is the hundreds digit of j?
5
Suppose -2*o = f - 247, -4*o - 33 = f - 284. Suppose h - 102 = f. What is the hundreds digit of h?
3
Let u = 7858 + 5516. What is the tens digit of u?
7
Suppose 3*k + 180 = -2*c, -3*k + 194 = -4*c - 202. Let v = c - 416. Let p = -335 - v. What is the hundreds digit of p?
1
Let q(z) be the second derivative of z**4/12 - 13*z**3/6 + 111*z**2/2 - 95*z. What is the hundreds digit of q(13)?
1
What is the units digit of (-7387)/(-2) + (0 - -7) + (-255)/34?
3
Let w = 68 - 74. Let b be (-7)/(-3) + (-4)/w. Suppose -3*a = 5*j - 477, -166 = -b*a + 2*a - 4*j. What is the hundreds digit of a?
1
Let q(t) = 21*t**2 - t + 7. Let u be q(4). Let f = u + -27. What is the tens digit of f?
1
Suppose 81*f = 90*f + 21087. Let q = -519 - f. What is the tens digit of q?
2
What is the ten thousands digit of 7/105 - (-8024016)/360?
2
What is the hundreds digit of (13/(-4))/(6286296/(-216768) + 29)?
3
Suppose -3*v + 23 = -2*t, 15*t - 4 = -4*v + 11*t. Suppose m + 2946 = v*u, -2*m = -2*u + 1184 - 12. What is the hundreds digit of u?
5
Suppose 0 = 6*w - 2589 - 411. Let a = w - 274. What is the hundreds digit of a?
2
Let f(n) = -n**2 - 16*n + 82. Let j be f(4). What is the units digit of (7 - j) + -3 + 129?
1
Suppose -2*u + 46484 = -4*p, 3*u + p - 43184 = 26535. What is the thousands digit of u?
3
Let b be (-12 + 4)*(-9)/(-9). What is the tens digit of (102/(-3))/(b - -6)?
1
Let m be (-2 - 1) + 6 - (399 - -3). Let k = m + 1049. What is the units digit of k?
0
Suppose 19*v + 4105 = -3362. What is the tens digit of (v + -1)/(74/(-111))?
9
Suppose -60320 = 204*t - 212*t. Suppose 10*z + 1500 = w + 12*z, -5*w - 2*z + t = 0. What is the hundreds digit of w?
5
Suppose 4*k + 846 = 4478. What is the units digit of (-2 + -4)*3*k/(-24)?
1
Let q be -1*(1204 + -9)*(-2 - 0). Suppose 5*h = -4*l + q, -h + 473 = l - 125. What is the units digit of l?
0
Suppose -5*d - 5*j = -215, 2*d - 3*d + 49 = 3*j. Let p(q) = q + 49. What is the units digit of p(d)?
9
Suppose -4*v + 7718 = 4*u + v, 4*v = u - 1919. Let n = u - 1353. What is the tens digit of n?
7
Let c(i) = 2*i**3 + 5*i**2 + 6*i + 1. Let r be c(-4). Let k = r - -70. What is the units digit of 4/(4/(-1))*k?
1
Suppose -48*n = 2*x - 47*n - 19, 4*n = -12. Suppose -x*y - 8388 = -23227. What is the hundreds digit of y?
3
Suppose -v + 5*u = -20416 + 4840, -5*u = -4*v + 62304. What is the units digit of v?
6
Suppose 8*b - 1028 = 15548. What is the hundreds digit of b?
0
Suppose -33*o = -61*o + 30*o - 97850. What is the hundreds digit of o?
9
Suppose -1042 = -406*c + 404*c - 4*q, c + 3*q - 523 = 0. What is the tens digit of c?
1
Let q be (22/8)/(203/28 + -7). What is the hundreds digit of 926/5*(16 - q)?
9
Let c(h) = 303*h**2 - 807*h - 4061. What is the hundreds digit of c(-5)?
5
Suppose 277 = 4*w - 591. Let a be (-2)/12 - w/(-42). Suppose 4*r + 4 = 0, -2*r - 33 = -x - a*r. What is the units digit of x?
6
Suppose -3*c - 2*t = -515, 21*c = 19*c - 3*t + 340. Let r = 388 - c. What is the units digit of r?
5
Suppose 0 = -l - j + 47, -l - 2*j = -12 - 30. What is the tens digit of 33912/l + 3*4/(-78)?
5
Let f(m) be the second derivative of -3*m**3/2 - 5*m**2/2 + 22*m. Let k be f(-1). Suppose -k*y + 44 = y - j, y + 12 = -5*j. What is the units digit of y?
8
Suppose 123*v = 2*v + 1586189. What is the hundreds digit of v?
1
What is the ten thousands digit of 32619 + 3/(-3) - (-99 + 3)/24?
3
Suppose 150 = 24*t - 786. What is the tens digit of 4027/4 - (t/4)/13?
0
Let z = -26 + 36. Suppose 3*o + 5*i + 5 - 15 = 0, 5*i = o - z. Suppose -o*w + s + 2*s = -86, -101 = -5*w - 2*s. What is the units digit of w?
9
Suppose -11*s = -9045 - 45350. What is the hundreds digit of s?
9
Suppose -f + 45314 - 39 = 3*h, 0 = -h + 2. What is the thousands digit of f?
5
Suppose 5*r + 69 = -2*u, 4*r - 28 + 8 = 0. Let f = -45 - u. Suppose -2 = f*j, -4*g + 0*g + 83 = j. What is the tens digit of g?
2
Suppose -24*c - 24 = -28*c. Suppose -n - 2*z + 879 = 0, -3*n + c*n - 5*z = 2615. What is the units digit of n?
5
Let o(m) = -m**3 - m**2 - 4*m + 249. Suppose 2*y - 5*b = -0*b - 5, -3*b = 2*y - 3. Suppose y = z + 2*z. What is the tens digit of o(z)?
4
Suppose -13*y + 53*y = -8*y + 30528. What is the hundreds digit of y?
6
Suppose 240 = 4*q - 11632. Suppose -4*b + 4*s = -3876, -907 = -4*b + 5*s + q. Suppose -4*n - 3*t + 780 = 0, -5*n + b = -0*t + 5*t. What is the tens digit of n?
9
Let u be -69*(-5)/(-15)*-3. Let c = 73 - u. What is the tens digit of (4446/95)/(c/10)?
1
Let s(c) = -4*c**2 + 11. Suppose 21 - 3 = -6*g. Let u be s(g). Let w = 127 + u. What is the tens digit of w?
0
Let p(z) be the first derivative of z**4/4 - 2*z**3 + 4*z**2 - 81*z + 50. What is the tens digit of p(9)?
3
Let r = -251 + 101. What is the tens digit of (-152)/(-10)*r/(-5)?
5
Let c(u) = -u**3 + 76*u**2 - 151*u + 1539. What is the hundreds digit of c(60)?
0
Suppose -4*s + r + 26 = 0, -9*s + 6*s = 4*r - 29. Let v(c) = 3*c**3 - 2*c**2 + 6*c - 16. What is the hundreds digit of v(s)?
9
Suppose n + 4339 = -43*r + 41*r, 3*n + 5*r + 13013 = 0. Let y = n + 6105. What is the hundreds digit of y?
7
Let f(g) = 3562*g - 3499. What is the ten thousands digit of f(7)?
2
Let u(f) = 152*f + 17. Let z = -12 + 15. What is the hundreds digit of u(z)?
4
Let y = 499 - 115. Suppose -6*v = -2*v + y. Let g = v - -164. What is the tens digit of g?
6
Suppose 0 = -4*h + 2*v - 14, -3*h + 4*h - 1 = -4*v. Let w be h - 1395/(-3)*2. What is the hundreds digit of w/(-36)*((-8)/2 - 0)?
1
Let z(c) = -4*c**3 + 37*c**2 - 11*c + 23. Let j be z(9). Suppose -4*r = -3*d + 3746, 10*r = 2*d + j*r - 2495. What is the hundreds digit of d?
2
Let t = -474 - -504. What is the units digit of 634/t - 36/270?
1
Suppose 14 = d + 4*w, 5*w - 23 = -4*d - 0*d. Let n(b) = 11*b**3 + 6*b**2 - 5*b + 5. Let l be n(d). Let p = -50 + l. What is the tens digit of p?
5
Let h = -763 + 766. What is the hundreds digit of (281 - -30) + h + -5 + -3?
3
Suppose 71796 = 45*c - 9*c - 7584. What is the thousands digit of c?
2
Let x(z) = -z**3 - 7*z**2 - z + 38. Let r be x(-6). What is the tens digit of (-122144)/(-132)*(14/r + -1)?
9
Let g(q) = -q**3 - 151*q**2 - 1820*q - 273. What is the units digit of g(-139)?
5
Let i = 92 - 212. Let n(a) = -16*a - 195. Let l be n(-26). Let z = i + l. What is the tens digit of z?
0
Suppose -49*h + 11535940 = -90*h + 301*h. What is the units digit of h?
9
Suppose 5*g = 3*r + 12, -14 = 3*g - 5*r - 34. Suppose 2*b = -0*t - t + 571, g = 2*b + 5*t - 551. What is the hundreds digit of b?
2
Let m be 306/27*(-19 + -2). Let j = 18 - m. What is the tens digit of j?
5
What is the tens digit of 309940/34 - ((-9597)/(-357) - 27)?
1
Let s(l) = -14*l + 37. Let y(a) = a - 1. Suppose 0 = 5*d - 0 + 30. Let j(o) = d*y(o) - s(o). What is the tens digit of j(7)?
2
Suppose 3727*j = 3730*j - 47586. What is the ten thousands digit of j?
1
Let p(l) = 26*l + 2. Let w be p(0). Suppose 0*d + w*d - 2*c - 754 = 0, -5*c = 20. What is the units digit of d?
3
Let l be 0 + 5*4*(-5)/25. Suppose 2*h = -2*h - 220. Let y = l - h. What is the units digit of y?
1
Let z(m) = 44*m**3 - 6*m**2 + 14*m + 9. Let n be (-5)/(-10)*-2*(-6)/2. What is the hundreds digit of z(n)?
1
Let o(x) = -10*x + 51. Let f(t) = 2*t. Let d(l) = 3*f(l) + o(l). What is the hundreds digit of d(-13)?
1
Let s be (-72)/(-5)*40/12. Let t be 32/s + (20/6 - 0). Suppose -7*f = -t*f - 174. What is the tens digit of f?
5
Let f be (-3 - -1) + (-12 - -9). Let x(r) = -302*r - 173. What is the hundreds digit of x(f)?
3
Let v = 7431 - 5671. What is the units digit of v?
0
Let p(s) = 2*s**3 - 19*s**2 - 4*s - 234. What is the tens digit of p(20)?
8
Suppose 5*p - 28640 + 430 = 22700. What is the units digit of p?
2
Suppose -8*f = -14914 - 34662. What is the thousands digit of f?
6
Let y = 1613 + 611. What i